{"id":189,"date":"2017-09-19T15:21:21","date_gmt":"2017-09-19T13:21:21","guid":{"rendered":"http:\/\/pasticciemarachelle.org\/?page_id=189"},"modified":"2018-07-18T18:46:30","modified_gmt":"2018-07-18T16:46:30","slug":"attivita-creative","status":"publish","type":"page","link":"https:\/\/pasticciemarachelle.org\/index.php\/servizi\/attivita-creative\/","title":{"rendered":"Il doposcuola"},"content":{"rendered":"<p>[et_pb_section bb_built=&#8221;1&#8243; admin_label=&#8221;Sezione&#8221; fullwidth=&#8221;on&#8221; specialty=&#8221;off&#8221; transparent_background=&#8221;on&#8221; allow_player_pause=&#8221;off&#8221; inner_shadow=&#8221;off&#8221; parallax=&#8221;off&#8221; parallax_method=&#8221;on&#8221; make_fullwidth=&#8221;off&#8221; use_custom_width=&#8221;off&#8221; width_unit=&#8221;on&#8221; make_equal=&#8221;off&#8221; use_custom_gutter=&#8221;off&#8221;][et_pb_fullwidth_header admin_label=&#8221;Intestazione a Larghezza Piena&#8221; title=&#8221;Il doposcuola&#8221; background_layout=&#8221;dark&#8221; text_orientation=&#8221;center&#8221; header_fullscreen=&#8221;off&#8221; header_scroll_down=&#8221;off&#8221; parallax=&#8221;on&#8221; parallax_method=&#8221;off&#8221; content_orientation=&#8221;center&#8221; image_orientation=&#8221;center&#8221; custom_button_one=&#8221;off&#8221; button_one_letter_spacing=&#8221;0&#8243; button_one_use_icon=&#8221;default&#8221; button_one_icon_placement=&#8221;right&#8221; button_one_on_hover=&#8221;on&#8221; button_one_letter_spacing_hover=&#8221;0&#8243; custom_button_two=&#8221;off&#8221; button_two_letter_spacing=&#8221;0&#8243; button_two_use_icon=&#8221;default&#8221; button_two_icon_placement=&#8221;right&#8221; button_two_on_hover=&#8221;on&#8221; button_two_letter_spacing_hover=&#8221;0&#8243; background_url=&#8221;http:\/\/pasticciemarachelle.org\/wp-content\/uploads\/2017\/09\/palline.jpg&#8221; \/][\/et_pb_section][et_pb_section bb_built=&#8221;1&#8243; admin_label=&#8221;Sezione&#8221; fullwidth=&#8221;off&#8221; specialty=&#8221;off&#8221;][et_pb_row admin_label=&#8221;Riga&#8221;][et_pb_column type=&#8221;1_3&#8243;][et_pb_image admin_label=&#8221;Immagine&#8221; src=&#8221;http:\/\/pasticciemarachelle.org\/wp-content\/uploads\/2017\/04\/bambina-col-pennello-2.png&#8221; show_in_lightbox=&#8221;off&#8221; url_new_window=&#8221;off&#8221; use_overlay=&#8221;off&#8221; animation=&#8221;off&#8221; sticky=&#8221;off&#8221; align=&#8221;center&#8221; force_fullwidth=&#8221;off&#8221; always_center_on_mobile=&#8221;on&#8221; use_border_color=&#8221;off&#8221; border_color=&#8221;#ffffff&#8221; border_style=&#8221;solid&#8221; \/][\/et_pb_column][et_pb_column type=&#8221;2_3&#8243;][et_pb_text admin_label=&#8221;Testo&#8221; background_layout=&#8221;light&#8221; text_orientation=&#8221;left&#8221; use_border_color=&#8221;off&#8221; border_color=&#8221;#ffffff&#8221; border_style=&#8221;solid&#8221;]<\/p>\n<p style=\"text-align: left;\"><strong>Nei locali del nido sono attivi laboratori creativi di doposcuola per la fascia di et\u00e0 3\/6 anni<\/strong>. La cooperativa mette a disposizione i suoi locali per attivit\u00e0 di doposcuola, offrendo ai bimbi delle scuole materne uno spazio dove poter fare attivit\u00e0 motorie e creative. Il programma \u00e8 diviso in 3 differenti tipologie:<\/p>\n<ul>\n<li>attivit\u00e0 all\u2019aria aperta, uscita al parco giochi o nelle zone limitrofe<\/li>\n<li>attivit\u00e0 manuale, progettazione di piccoli oggetti o disegni con lo scopo di sviluppare una manualit\u00e0 e un inventiva creativa personale<\/li>\n<li>attivit\u00e0 libera, momento ludico libero, dove il bambino pu\u00f2 usufruire dei giochi e di spazi esterni ed interni del nido.<\/li>\n<\/ul>\n<p>Il programma offerto varia a seconda delle scelte del bambino, in pieno rispetto dei suoi desideri. Il laboratorio \u00e8 attivabile con un minimo di 5 iscritti, con la possibilit\u00e0 di poter estenderlo fino a 2 ore pomeridiane (a seconda della richiesta).<\/p>\n<p>[\/et_pb_text][\/et_pb_column][\/et_pb_row][\/et_pb_section]<\/p>\n","protected":false},"excerpt":{"rendered":"<p>Nei locali del nido sono attivi laboratori creativi di doposcuola per la fascia di et\u00e0 3\/6 anni. La cooperativa mette a disposizione i suoi locali per attivit\u00e0 di doposcuola, offrendo ai bimbi delle scuole materne uno spazio dove poter fare attivit\u00e0 motorie e creative. Il programma \u00e8 diviso in 3 differenti tipologie: attivit\u00e0 all\u2019aria aperta, [&hellip;]<\/p>\n","protected":false},"author":2,"featured_media":0,"parent":55,"menu_order":0,"comment_status":"closed","ping_status":"closed","template":"","meta":{"_et_pb_use_builder":"on","_et_pb_old_content":"","_et_gb_content_width":"","footnotes":""},"_links":{"self":[{"href":"https:\/\/pasticciemarachelle.org\/index.php\/wp-json\/wp\/v2\/pages\/189"}],"collection":[{"href":"https:\/\/pasticciemarachelle.org\/index.php\/wp-json\/wp\/v2\/pages"}],"about":[{"href":"https:\/\/pasticciemarachelle.org\/index.php\/wp-json\/wp\/v2\/types\/page"}],"author":[{"embeddable":true,"href":"https:\/\/pasticciemarachelle.org\/index.php\/wp-json\/wp\/v2\/users\/2"}],"replies":[{"embeddable":true,"href":"https:\/\/pasticciemarachelle.org\/index.php\/wp-json\/wp\/v2\/comments?post=189"}],"version-history":[{"count":31,"href":"https:\/\/pasticciemarachelle.org\/index.php\/wp-json\/wp\/v2\/pages\/189\/revisions"}],"predecessor-version":[{"id":1412,"href":"https:\/\/pasticciemarachelle.org\/index.php\/wp-json\/wp\/v2\/pages\/189\/revisions\/1412"}],"up":[{"embeddable":true,"href":"https:\/\/pasticciemarachelle.org\/index.php\/wp-json\/wp\/v2\/pages\/55"}],"wp:attachment":[{"href":"https:\/\/pasticciemarachelle.org\/index.php\/wp-json\/wp\/v2\/media?parent=189"}],"curies":[{"name":"wp","href":"https:\/\/api.w.org\/{rel}","templated":true}]}}

<p>[et_pb_section bb_built=&#8221;1&#8243; admin_label=&#8221;Sezione&#8221; fullwidth=&#8221;on&#8221; specialty=&#8221;off&#8221; transparent_background=&#8221;on&#8221; allow_player_pause=&#8221;off&#8221; inner_shadow=&#8221;off&#8221; parallax=&#8221;off&#8221; parallax_method=&#8221;on&#8221; make_fullwidth=&#8221;off&#8221; use_custom_width=&#8221;off&#8221; width_unit=&#8221;on&#8221; make_equal=&#8221;off&#8221; use_custom_gutter=&#8221;off&#8221;][et_pb_fullwidth_header admin_label=&#8221;Intestazione a Larghezza Piena&#8221; title=&#8221;Il doposcuola&#8221; background_layout=&#8221;dark&#8221; text_orientation=&#8221;center&#8221; header_fullscreen=&#8221;off&#8221; header_scroll_down=&#8221;off&#8221; parallax=&#8221;on&#8221; parallax_method=&#8221;off&#8221; content_orientation=&#8221;center&#8221; image_orientation=&#8221;center&#8221; custom_button_one=&#8221;off&#8221; button_one_letter_spacing=&#8221;0&#8243; button_one_use_icon=&#8221;default&#8221; button_one_icon_placement=&#8221;right&#8221; button_one_on_hover=&#8221;on&#8221; button_one_letter_spacing_hover=&#8221;0&#8243; custom_button_two=&#8221;off&#8221; button_two_letter_spacing=&#8221;0&#8243; button_two_use_icon=&#8221;default&#8221; button_two_icon_placement=&#8221;right&#8221; button_two_on_hover=&#8221;on&#8221; button_two_letter_spacing_hover=&#8221;0&#8243; background_url=&#8221;http://pasticciemarachelle.org/wp-content/uploads/2017/09/palline.jpg&#8221; /][/et_pb_section][et_pb_section bb_built=&#8221;1&#8243; admin_label=&#8221;Sezione&#8221; fullwidth=&#8221;off&#8221; specialty=&#8221;off&#8221;][et_pb_row admin_label=&#8221;Riga&#8221;][et_pb_column type=&#8221;1_3&#8243;][et_pb_image admin_label=&#8221;Immagine&#8221; src=&#8221;http://pasticciemarachelle.org/wp-content/uploads/2017/04/bambina-col-pennello-2.png&#8221; show_in_lightbox=&#8221;off&#8221; url_new_window=&#8221;off&#8221; use_overlay=&#8221;off&#8221; animation=&#8221;off&#8221; sticky=&#8221;off&#8221; align=&#8221;center&#8221; force_fullwidth=&#8221;off&#8221; always_center_on_mobile=&#8221;on&#8221; use_border_color=&#8221;off&#8221; border_color=&#8221;#ffffff&#8221; border_style=&#8221;solid&#8221; /][/et_pb_column][et_pb_column type=&#8221;2_3&#8243;][et_pb_text admin_label=&#8221;Testo&#8221; background_layout=&#8221;light&#8221; text_orientation=&#8221;left&#8221; use_border_color=&#8221;off&#8221; border_color=&#8221;#ffffff&#8221; border_style=&#8221;solid&#8221;]</p>
<p style="text-align: left;"><strong>Nei locali del nido sono attivi laboratori creativi di doposcuola per la fascia di età 3/6 anni</strong>. La cooperativa mette a disposizione i suoi locali per attività di doposcuola, offrendo ai bimbi delle scuole materne uno spazio dove poter fare attività motorie e creative. Il programma è diviso in 3 differenti tipologie:</p>
<ul>
<li>attività all’aria aperta, uscita al parco giochi o nelle zone limitrofe</li>
<li>attività manuale, progettazione di piccoli oggetti o disegni con lo scopo di sviluppare una manualità e un inventiva creativa personale</li>
<li>attività libera, momento ludico libero, dove il bambino può usufruire dei giochi e di spazi esterni ed interni del nido.</li>
</ul>
<p>Il programma offerto varia a seconda delle scelte del bambino, in pieno rispetto dei suoi desideri. Il laboratorio è attivabile con un minimo di 5 iscritti, con la possibilità di poter estenderlo fino a 2 ore pomeridiane (a seconda della richiesta).</p>
<p>[/et_pb_text][/et_pb_column][/et_pb_row][/et_pb_section]</p>

<p>Nei locali del nido sono attivi laboratori creativi di doposcuola per la fascia di età 3/6 anni. La cooperativa mette a disposizione i suoi locali per attività di doposcuola, offrendo ai bimbi delle scuole materne uno spazio dove poter fare attività motorie e creative. Il programma è diviso in 3 differenti tipologie: attività all’aria aperta, [&hellip;]</p>
